(-12)).
2, 823
Let n = -264 + 430. Let t = 136 + n. What are the prime factors of t?
2, 151
Let y(c) = 330*c - 113. Let r(x) = -3. Let p(a) = -4*r(a) + y(a). List the prime factors of p(4).
23, 53
Suppose 22173 + 1064187 = 22*c. List the prime factors of c.
2, 3, 5, 823
Suppose 0 = 4*g + 36 - 12. Let f = 539 + -495. What are the prime factors of f - ((-125)/45 - g/(-27))?
47
Let g(o) = -10*o**3 - 11*o**2 - 11*o - 64. Let m(a) = 7*a**3 + 8*a**2 + 7*a + 43. Let s(b) = 5*g(b) + 7*m(b). What are the prime factors of s(-6)?
269
Suppose -2393 = -v - 971. Suppose -194 = -4*j + v. What are the prime factors of j?
2, 101
Let n = 18295 + -8552. List the prime factors of n.
9743
Suppose -5*x = -4*x + 5*k - 4811, 0 = -2*x + 5*k + 9667. List the prime factors of x.
2, 19, 127
Let f be 12345/(-165) + 4/(-22). Let b = -223 + 159. Let r = b - f. List the prime factors of r.
11
Let k(l) = 610*l**2 - 3. Suppose 15 - 17 = 2*r. What are the prime factors of k(r)?
607
List the prime factors of (9 + -11 - 21) + 9201.
2, 13, 353
Suppose -6*v = -3*v - 21. Suppose v*h = 11*h - 20. Suppose 5*l - 132 = -h*k - 42, k - 70 = -5*l. List the prime factors of l.
13
Let c(m) = -m**2 - 20*m + 5. Suppose -56 = -8*d + 288. Let w = d - 52. What are the prime factors of c(w)?
2, 13
Let i(m) = -75*m + 83. Let a be i(13). Let g = a - -1757. What are the prime factors of g?
5, 173
Let d(z) = -177*z - 71. Let n be d(-7). Let f = -783 + n. What are the prime factors of f?
5, 7, 11
Suppose 2*c = -0*c + 5*q + 27, -5*c + q + 125 = 0. Suppose -22*y - 1004 = -c*y. List the prime factors of y.
251
Let u = 28395 - 16184. List the prime factors of u.
12211
Let i be 86765/65 - (6/13)/(-3). Suppose 2*n + 0*u - i = u, -5*n + 3360 = 2*u. What are the prime factors of n?
2, 5, 67
Let f = -2212 + 3335. Let z = -427 + f. What are the prime factors of z?
2, 3, 29
Let d = -3163 + 4565. List the prime factors of d.
2, 701
Suppose 0 = -5*z + 10*q + 9155 + 18130, 5459 = z - q. List the prime factors of z.
43, 127
Let o(k) = -28*k**3 - 3*k**2 - 2*k + 4. Let x(m) = -m**2 - 13*m - 33. Let j be x(-10). List the prime factors of o(j).
739
Let n = 341 + -335. Let t(o) = 13*o**2 - 14*o + 32. List the prime factors of t(n).
2, 13
Let t = 115 - 110. Suppose -5*z = 4*l - 320, -12*z + 7*z + 315 = t*l. List the prime factors of z.
2, 17
Let h(n) = n**3 - 6*n**2 - 8*n - 19. Let s(i) = i**2 - i + 1. Let t be 12/(-3) + 11 + -8. Let g(w) = t*h(w) + 6*s(w). List the prime factors of g(12).
7
List the prime factors of 3841*-7*(660/(-105) - -6).
2, 23, 167
Let k(q) be the first derivative of -3*q**2 - 57*q - 11. What are the prime factors of k(-11)?
3
Suppose -3*v + 28 = 34, 4*a = v + 538. Let m = 661 + a. What are the prime factors of m?
3, 5, 53
Suppose j + 262 = -5*p, 0 = j - 3*p + 4*p + 242. Let g = 465 + j. List the prime factors of g.
2, 3, 19
Suppose -4*d + 9*d = 0. Suppose -r - 51 = 3*h, r - 5*h + 10 + 1 = d. Let v = r - -38. What are the prime factors of v?
2
Let l(k) = 21045*k + 3115. List the prime factors of l(2).
5, 9041
Let h(w) = 156*w - 1. Let r be h(-12). Let p = -926 - r. What are the prime factors of p?
947
Let z be (-4*1)/(1 + (-15)/9). Suppose -242 = -8*l + z*l. Let m = l - 61. What are the prime factors of m?
2, 3, 5
Let f(o) = 2*o**3 + 6*o**2 + 5*o + 10. Let g be f(-4). Let v = 44 + g. Suppose 3*d + 0*q = -4*q - 2, 2*d = -v*q. What are the prime factors of d?
2
List the prime factors of (2 - 3168)/(8/(-16)*4).
1583
Let z(k) = 794*k + 92. List the prime factors of z(12).
2, 5, 13, 37
Let g = -716 + 719. List the prime factors of (-14 - -20) + 948/g.
2, 7, 23
Suppose 0 = -b - 3*b - 668. Let h = 239 + 42. Let x = h + b. What are the prime factors of x?
2, 3, 19
Let i(b) = 7*b**2 + 4*b - 7. Let p = 338 - 343. What are the prime factors of i(p)?
2, 37
Suppose -14*r + 95277 = -80269. List the prime factors of r.
12539
Let o = -33 - -37. Suppose o*v + 12 = 5*v. List the prime factors of (20/v)/(1*3/279).
5, 31
Suppose 0 = 4*o + o - 100. Let p = o + -22. List the prime factors of (p + 4)*(0 + 20).
2, 5
Suppose 0 = -14*n + 5346 + 4258. What are the prime factors of n?
2, 7
Let x(u) = -119*u + 12677. What are the prime factors of x(0)?
7, 1811
Let t(l) = -15 + 26*l + 18 + 9*l - 2*l**2. What are the prime factors of t(16)?
3, 17
Let l(j) = -506*j**2 - 3*j - 1. Let b be l(-1). Let r = b + 1263. What are the prime factors of r?
3, 11, 23
Suppose 0 = 9*w - 2216 - 124. Suppose 208 + w = -6*r. What are the prime factors of (4/6 - r/(-36))*-50?
3, 5
Let r(n) = -53*n**3 + 3*n**2 - 21*n - 45. Let v be r(-5). Suppose -4740 - v = -23*u. What are the prime factors of u?
2, 5
Suppose -6*s = -2*s + t - 17900, -5*t = -20. What are the prime factors of s?
2, 2237
Let w(c) = -27*c**3 - 28*c**2 - 265*c - 57. List the prime factors of w(-7).
3, 3229
Suppose -122 = 5*k + 3. What are the prime factors of -6 + (-35860)/k - (-12)/(-30)?
2, 3, 7, 17
Let z(c) = -7*c - 156. Let n(j) = -2*j - 39. Let m(w) = -9*n(w) + 2*z(w). Let i be (6/5)/((-68)/35 - -2). What are the prime factors of m(i)?
3, 41
Suppose 41*x - 46*x - 2*w = -4198, 4*w = 4*x - 3364. What are the prime factors of x?
2, 3, 5, 7
Let g(v) = 5 + 421*v - 415*v + 7. What are the prime factors of g(4)?
2, 3
Suppose -2*y = -3*h + 10, 0*h + 5*y + 14 = 2*h. Suppose 5*l - 1614 = -h*p, 2*l - 2*p - 161 = 479. What are the prime factors of l?
2, 7, 23
Let o = -71 + 73. Suppose -997 = -8*s + 3*s + 3*z, -o*s + 4*z = -410. Suppose -4*f = -s - 255. List the prime factors of f.
113
Suppose 5*h + 808*n - 813*n = 36500, 10 = 5*n. What are the prime factors of h?
2, 3, 1217
Let s(h) = 605*h + 320. List the prime factors of s(9).
5, 1153
Let i be -3 - -7 - 0/1. Suppose -504 = -h + 4*l, -3*h + 0*h - i*l = -1592. Suppose -2*p = 4*z - 1397 + 359, -2*z - 2*p = -h. List the prime factors of z.
257
Let w(k) = -5*k**2 - 4 - 2 + 0*k**2 + 6*k + 3*k**2. Let j be w(5). Let a = 79 + j. What are the prime factors of a?
53
Let o be -2 - (1 - -2 - (1330 - 7)). Suppose -o = -4*l - 62. Suppose -l = -5*b + g - 20, 0 = -4*b + 5*g + 252. What are the prime factors of b?
2, 29
Suppose 22*b + 2261 = 15*b. Let a = b + 478. What are the prime factors of a?
5, 31
Let d(f) be the first derivative of -f**3/3 - 23*f**2/2 + 2*f + 1. Suppose 72*o + 10*o - 197 = -1263. List the prime factors of d(o).
2, 3, 11
Suppose -9262 = 348*h + 348*h - 697*h. What are the prime factors of h?
2, 11, 421
Suppose -10 = -3*z + 59. Suppose -3*l + 1051 = -o, z*l - 19*l + 3*o = 1410. What are the prime factors of l?
3, 13
Suppose -61*q + 1001363 + 464178 = -12*q. What are the prime factors of q?
11, 2719
Let a be 139 + ((-8)/(-40) - (-42)/(-10)). Let s = a + -76. What are the prime factors of s?
59
Let a(m) be the second derivative of m**5/20 - 11*m**3/6 - 21*m**2/2 + 79*m. What are the prime factors of a(9)?
3, 7, 29
Suppose -2*r = -13*l + 75163, 3*l - 7343 = -5*r + 9975. List the prime factors of l.
3, 41, 47
Let o be (1 + -131)/(-8 + 6). Suppose -5*m - 5*x = 0, 2*m - 4*x = -24 + 12. What are the prime factors of o - (m - 3)/(-5)?
2
Let t = -931 - -1576. Let v = t + -384. What are the prime factors of v?
3, 29
Suppose -103*c + 2667888 + 1491665 + 1676427 = 0. List the prime factors of c.
2, 5, 2833
Let p be (-100)/(-3*((-35)/(-15))/7). Suppose p = 4*q - 4*z - 1460, -2*z + 1554 = 4*q. What are the prime factors of q?
389
Let x(w) = 205*w**3 - 3*w**2 - 13*w + 30. Let k be x(3). Suppose -1386 = -d + 4*n, 3*d = -d + n + k. What are the prime factors of d?
2, 3, 229
Suppose -5*s = -4*k - 5873, -3*k + 1924 = -3*s + 5446. Suppose s = h - 3*q, 127*h + 2354 = 129*h + 4*q. List the prime factors of h.
11, 107
Let g be -3 + (-2 - 49*-6). Let z(f) = -f**3 - 10*f**2 - f - 7. Let v be z(-10). Suppose 3*t + 213 = v*j, -t + g = -j + 5*j. What are the prime factors of j?
2, 3
Suppose -3*n - 601170 = -61*n. List the prime factors of n.
3, 5, 691
Suppose -3*f = -2*s - 3, -33*s - 15 = -f - 37*s. Suppose q + 3*w - 32 = 0, 0*q + f*q + 4*w = 76. List the prime factors of q.
2, 5
Suppose -4*s - 4*d - 1 + 13 = 0, -4*s + 12 = -5*d. Suppose k + s*k = r + 4965, 0 = k - 2*r - 1250. List the prime factors of k.
2, 5, 31
Suppose -2*y + 15416 = 4*r, -3*r + 6*y = 8*y - 11564. List the prime factors of r.
2, 3, 107
List the prime factors of 2*(1 + 0) + -19 + 6746.
3, 224